{"id":3,"date":"2023-08-23T13:12:15","date_gmt":"2023-08-23T11:12:15","guid":{"rendered":"http:\/\/fuentescordoba.misterlo.com\/?page_id=3"},"modified":"2023-08-30T12:18:15","modified_gmt":"2023-08-30T10:18:15","slug":"politica-privacidad","status":"publish","type":"page","link":"https:\/\/fuentescordoba.misterlo.com\/?page_id=3","title":{"rendered":"Pol\u00edtica de privacidad"},"content":{"rendered":"\n<p>En cumplimiento de lo dispuesto en el Reglamento General de Protecci\u00f3n de Datos (RGPD) y en la Ley Org\u00e1nica 3\/2018, de 5 de diciembre, de Protecci\u00f3n de Datos Personales y garant\u00eda de los derechos digitales (LOPDGDD), se informa al usuario que los datos personales que facilite a trav\u00e9s del sitio web www.fuentescordoba.es (en adelante, el Sitio Web) ser\u00e1n tratados por Carnicer\u00eda Fuentes C\u00f3rdoba (en adelante, el Responsable del Tratamiento).<\/p>\n\n\n\n<p>El Responsable del Tratamiento tratar\u00e1 los datos personales del usuario con las siguientes finalidades:<\/p>\n\n\n\n<ul>\n<li>Gestionar la navegaci\u00f3n del usuario por el Sitio Web.<\/li>\n\n\n\n<li>Gestionar la compra de productos a trav\u00e9s del Sitio Web.<\/li>\n\n\n\n<li>Gestionar el env\u00edo de informaci\u00f3n comercial y publicitaria sobre productos y servicios propios similares a los contratados por el usuario.<\/li>\n<\/ul>\n\n\n\n<p>La base jur\u00eddica para el tratamiento de los datos personales del usuario es la ejecuci\u00f3n del contrato de compraventa entre el usuario y el Responsable del Tratamiento.<\/p>\n\n\n\n<p>Los datos personales proporcionados se conservar\u00e1n mientras se mantenga la relaci\u00f3n comercial entre el usuario y el Responsable del Tratamiento o durante los a\u00f1os necesarios para cumplir con las obligaciones legales.<\/p>\n\n\n\n<p>El Responsable del Tratamiento no ceder\u00e1 los datos personales del usuario a terceros salvo en aquellos casos en que exista una obligaci\u00f3n legal.<\/p>\n\n\n\n<p>El usuario tiene derecho a obtener confirmaci\u00f3n sobre si en Carnicer\u00eda Fuentes C\u00f3rdoba estamos tratando datos personales que les conciernan, o no. Asimismo, tiene derecho a acceder a sus datos personales, as\u00ed como a solicitar la rectificaci\u00f3n de los datos inexactos o, en su caso, solicitar su supresi\u00f3n cuando, entre otros motivos, los datos ya no sean necesarios para los fines para los que fueron recogidos.<\/p>\n\n\n\n<p>En determinadas circunstancias, el usuario podr\u00e1 solicitar la limitaci\u00f3n del tratamiento de sus datos personales, en cuyo caso \u00fanicamente se conservar\u00e1n para el ejercicio o defensa de reclamaciones.<\/p>\n\n\n\n<p>En determinadas circunstancias y por motivos relacionados con su situaci\u00f3n particular, el usuario podr\u00e1 oponerse al tratamiento de sus datos. Carnicer\u00eda Fuentes C\u00f3rdoba dejar\u00e1 de tratar los datos salvo por motivos leg\u00edtimos imperiosos o el ejercicio o defensa de posibles reclamaciones.<\/p>\n\n\n\n<p>El usuario podr\u00e1 ejercitar materialmente sus derechos mediante  correo postal dirigido a Avenida de la Uni\u00f3n Europea, 43 \u2013 Arroyomolinos, Madrid (28939).<\/p>\n\n\n\n<p>El usuario declara haber sido informado de las condiciones sobre protecci\u00f3n de datos personales, aceptando y consintiendo el tratamiento automatizado de los mismos por parte del Responsable del Tratamiento en la forma y para las finalidades indicadas en la presente Pol\u00edtica de Privacidad.<\/p>\n","protected":false},"excerpt":{"rendered":"<p>En cumplimiento de lo dispuesto en el Reglamento General de Protecci\u00f3n de Datos (RGPD) y en la Ley Org\u00e1nica 3\/2018, de 5 de diciembre, de Protecci\u00f3n de Datos Personales y garant\u00eda de los derechos digitales (LOPDGDD), se informa al usuario que los datos personales que facilite a trav\u00e9s del sitio web www.fuentescordoba.es (en adelante, el&#8230;<\/p>\n","protected":false},"author":1,"featured_media":0,"parent":0,"menu_order":0,"comment_status":"closed","ping_status":"open","template":"","meta":{"_kad_post_transparent":"","_kad_post_title":"","_kad_post_layout":"","_kad_post_sidebar_id":"","_kad_post_content_style":"","_kad_post_vertical_padding":"","_kad_post_feature":"","_kad_post_feature_position":"","_kad_post_header":false,"_kad_post_footer":false,"footnotes":""},"_links":{"self":[{"href":"https:\/\/fuentescordoba.misterlo.com\/index.php?rest_route=\/wp\/v2\/pages\/3"}],"collection":[{"href":"https:\/\/fuentescordoba.misterlo.com\/index.php?rest_route=\/wp\/v2\/pages"}],"about":[{"href":"https:\/\/fuentescordoba.misterlo.com\/index.php?rest_route=\/wp\/v2\/types\/page"}],"author":[{"embeddable":true,"href":"https:\/\/fuentescordoba.misterlo.com\/index.php?rest_route=\/wp\/v2\/users\/1"}],"replies":[{"embeddable":true,"href":"https:\/\/fuentescordoba.misterlo.com\/index.php?rest_route=%2Fwp%2Fv2%2Fcomments&post=3"}],"version-history":[{"count":1,"href":"https:\/\/fuentescordoba.misterlo.com\/index.php?rest_route=\/wp\/v2\/pages\/3\/revisions"}],"predecessor-version":[{"id":1681,"href":"https:\/\/fuentescordoba.misterlo.com\/index.php?rest_route=\/wp\/v2\/pages\/3\/revisions\/1681"}],"wp:attachment":[{"href":"https:\/\/fuentescordoba.misterlo.com\/index.php?rest_route=%2Fwp%2Fv2%2Fmedia&parent=3"}],"curies":[{"name":"wp","href":"https:\/\/api.w.org\/{rel}","templated":true}]}}